{"id":8505,"date":"2022-02-18T10:00:41","date_gmt":"2022-02-18T15:00:41","guid":{"rendered":"https:\/\/jlegal.pt\/teste\/?post_type=jtalks&#038;p=8505"},"modified":"2022-09-19T08:06:07","modified_gmt":"2022-09-19T12:06:07","slug":"jlegal-recebe-marcelo-freitas-nobre-para-a-3-a-edicao-das-jtalks","status":"publish","type":"jtalks","link":"https:\/\/jlegal.pt\/en\/jtalks\/jlegal-recebe-marcelo-freitas-nobre-para-a-3-a-edicao-das-jtalks\/","title":{"rendered":"J+Legal Recebe Marcelo Freitas Nobre para a 3.\u00aa Edi\u00e7\u00e3o das\u00a0J+Talks"},"content":{"rendered":"<p>\u00c0 terceira sess\u00e3o internacionaliz\u00e1mos as <strong>J+Talks<\/strong> com a presen\u00e7a do\u00a0<strong>Dr. Marcelo Freitas Nobre<\/strong>. O Marcelo \u00e9, antes de mais, um grande amigo da\u00a0<strong>J+Legal<\/strong>, que acompanha o projeto desde o in\u00edcio dos in\u00edcios. E \u00e9 uma sorte grande termos como amigo um amigo como o <strong>Marcelo<\/strong>, que calha ser um grande Advogado brasileiro, com um\u00a0<em>track-record<\/em>\u00a0profissional not\u00e1vel e irrepreens\u00edvel, e um arguto observador e analista da pol\u00edtica brasileira.<\/p>\r\n\r\n\r\n\r\n<p>Perceber\u00e3o por isso que o tema que lhe propusemos \u2013\u00a0\u201cDas Diretas J\u00e1 a Ja\u00edr\u201d\u00a0\u2013 tenha propiciado duas horas inesquec\u00edveis, em que vinte portugueses ficaram agarrados \u00e0s voltas e voltas destes cerca de quarenta anos de hist\u00f3ria do grande pa\u00eds que \u00e9 o Brasil. Na verdade, a entrega saiu melhor que a encomenda, porque come\u00e7\u00e1mos em 1961, no complicado epis\u00f3dio da ren\u00fancia de J\u00e2nio Quadros, para uma caminhada inesquec\u00edvel que foi de Jango \u00e0 ditadura militar, do triste (e ir\u00f3nico) falecimento de Tancredo Neves ao impeachment de Collor de Melo, do percurso de Lula ao impeachment de Dilma e \u00e0 elei\u00e7\u00e3o de Bolsonaro.<\/p>\r\n\r\n\r\n\r\n<p>Foi mesmo muito bom e fic\u00e1mos at\u00e9 com pena de n\u00e3o termos incumprido a regra n\u00ba 1 das <strong>J+Talks<\/strong>, gravando a sess\u00e3o para que a pud\u00e9ssemos partilhar.<\/p>","protected":false},"featured_media":8506,"parent":0,"menu_order":0,"template":"","categories":[],"class_list":["post-8505","jtalks","type-jtalks","status-publish","has-post-thumbnail","hentry"],"aioseo_notices":[],"acf":[],"_links":{"self":[{"href":"https:\/\/jlegal.pt\/en\/wp-json\/wp\/v2\/jtalks\/8505","targetHints":{"allow":["GET"]}}],"collection":[{"href":"https:\/\/jlegal.pt\/en\/wp-json\/wp\/v2\/jtalks"}],"about":[{"href":"https:\/\/jlegal.pt\/en\/wp-json\/wp\/v2\/types\/jtalks"}],"wp:featuredmedia":[{"embeddable":true,"href":"https:\/\/jlegal.pt\/en\/wp-json\/wp\/v2\/media\/8506"}],"wp:attachment":[{"href":"https:\/\/jlegal.pt\/en\/wp-json\/wp\/v2\/media?parent=8505"}],"wp:term":[{"taxonomy":"category","embeddable":true,"href":"https:\/\/jlegal.pt\/en\/wp-json\/wp\/v2\/categories?post=8505"}],"curies":[{"name":"wp","href":"https:\/\/api.w.org\/{rel}","templated":true}]}}

J+Legal Recebe Marcelo Freitas Nobre para a 3.ª Edição das J+Talks

<p>À terceira sessão internacionalizámos as <strong>J+Talks</strong> com a presença do <strong>Dr. Marcelo Freitas Nobre</strong>. O Marcelo é, antes de mais, um grande amigo da <strong>J+Legal</strong>, que acompanha o projeto desde o início dos inícios. E é uma sorte grande termos como amigo um amigo como o <strong>Marcelo</strong>, que calha ser um grande Advogado brasileiro, com um <em>track-record</em> profissional notável e irrepreensível, e um arguto observador e analista da política brasileira.</p>



<p>Perceberão por isso que o tema que lhe propusemos – “Das Diretas Já a Jaír” – tenha propiciado duas horas inesquecíveis, em que vinte portugueses ficaram agarrados às voltas e voltas destes cerca de quarenta anos de história do grande país que é o Brasil. Na verdade, a entrega saiu melhor que a encomenda, porque começámos em 1961, no complicado episódio da renúncia de Jânio Quadros, para uma caminhada inesquecível que foi de Jango à ditadura militar, do triste (e irónico) falecimento de Tancredo Neves ao impeachment de Collor de Melo, do percurso de Lula ao impeachment de Dilma e à eleição de Bolsonaro.</p>



<p>Foi mesmo muito bom e ficámos até com pena de não termos incumprido a regra nº 1 das <strong>J+Talks</strong>, gravando a sessão para que a pudéssemos partilhar.</p>
