{"id":8857,"date":"2022-11-23T06:42:02","date_gmt":"2022-11-23T11:42:02","guid":{"rendered":"https:\/\/jlegal.pt\/?post_type=jtalks&#038;p=8857"},"modified":"2022-11-28T06:43:03","modified_gmt":"2022-11-28T11:43:03","slug":"jlegal-recebe-diogo-de-lucena-na-7a-edicao-das-jtalks","status":"publish","type":"jtalks","link":"https:\/\/jlegal.pt\/en\/jtalks\/jlegal-recebe-diogo-de-lucena-na-7a-edicao-das-jtalks\/","title":{"rendered":"J+Legal recebe Diogo de Lucena na 7\u00aa Edi\u00e7\u00e3o das J+Talks"},"content":{"rendered":"<p>Tivemos ontem o gosto de receber como nosso convidado o\u00a0<strong>Professor Diogo de Lucena<\/strong>\u00a0para a nossa 7.\u00aa\u00a0<strong>J+Talk<\/strong>.<\/p>\n<p>O\u00a0<strong>Professor Diogo de Lucena<\/strong>\u00a0veio falar-nos e dar-nos um pouco da sua perspetiva sobre a articula\u00e7\u00e3o entre duas ci\u00eancias sociais transversais ao nosso quotidiano: o Direito e a Economia e o impacto que cada uma das duas ci\u00eancias tem relativamente \u00e0 outra por indissociavelmente ligadas entre si. Foi um grande privil\u00e9gio ouvi-lo falar sobre a an\u00e1lise econ\u00f3mica do direito e, por contraposi\u00e7\u00e3o, sobre a an\u00e1lise jur\u00eddica da economia.<\/p>\n<p>O conte\u00fado da confer\u00eancia fica, como sempre, reservado \u00e0\u00a0<strong><a href=\"https:\/\/www.linkedin.com\/company\/j-legal-sociedade-de-advogados-sp-rl\/\" data-attribute-index=\"0\" data-entity-hovercard-id=\"urn:li:fs_miniCompany:75855781\" data-entity-type=\"MINI_COMPANY\">J + Legal<\/a><\/strong>, mas todos os que participaram nas\u00a0<strong>J+Talks<\/strong>\u00a0do final do dia e princ\u00edpio de noite de ontem sa\u00edram, certamente, a ganhar por poderem aprender mais um pouco sobre Economia, numa\u00a0<strong>J+Talk<\/strong>\u00a0conduzida por um dos mais reputados economistas do Pa\u00eds e a quem agradecemos.<\/p>\n<p>Em breve teremos novas\u00a0<strong>J+Talks<\/strong>\u00a0com convidados que partilhar\u00e3o tamb\u00e9m as suas viv\u00eancias e experi\u00eancias.<\/p>\n<p><img loading=\"lazy\" decoding=\"async\" class=\"wp-image-8858 aligncenter\" src=\"https:\/\/jlegal.pt\/wp-content\/uploads\/2022\/11\/WhatsApp-Image-2022-11-23-at-19.59.28-1-768x380.jpeg\" alt=\"\" width=\"874\" height=\"431\" \/><\/p>","protected":false},"featured_media":8851,"parent":0,"menu_order":0,"template":"","categories":[],"class_list":["post-8857","jtalks","type-jtalks","status-publish","has-post-thumbnail","hentry"],"aioseo_notices":[],"acf":[],"_links":{"self":[{"href":"https:\/\/jlegal.pt\/en\/wp-json\/wp\/v2\/jtalks\/8857","targetHints":{"allow":["GET"]}}],"collection":[{"href":"https:\/\/jlegal.pt\/en\/wp-json\/wp\/v2\/jtalks"}],"about":[{"href":"https:\/\/jlegal.pt\/en\/wp-json\/wp\/v2\/types\/jtalks"}],"wp:featuredmedia":[{"embeddable":true,"href":"https:\/\/jlegal.pt\/en\/wp-json\/wp\/v2\/media\/8851"}],"wp:attachment":[{"href":"https:\/\/jlegal.pt\/en\/wp-json\/wp\/v2\/media?parent=8857"}],"wp:term":[{"taxonomy":"category","embeddable":true,"href":"https:\/\/jlegal.pt\/en\/wp-json\/wp\/v2\/categories?post=8857"}],"curies":[{"name":"wp","href":"https:\/\/api.w.org\/{rel}","templated":true}]}}

J+Legal recebe Diogo de Lucena na 7ª Edição das J+Talks

<p>Tivemos ontem o gosto de receber como nosso convidado o <strong>Professor Diogo de Lucena</strong> para a nossa 7.ª <strong>J+Talk</strong>.</p>
<p>O <strong>Professor Diogo de Lucena</strong> veio falar-nos e dar-nos um pouco da sua perspetiva sobre a articulação entre duas ciências sociais transversais ao nosso quotidiano: o Direito e a Economia e o impacto que cada uma das duas ciências tem relativamente à outra por indissociavelmente ligadas entre si. Foi um grande privilégio ouvi-lo falar sobre a análise económica do direito e, por contraposição, sobre a análise jurídica da economia.</p>
<p>O conteúdo da conferência fica, como sempre, reservado à <strong><a href="https://www.linkedin.com/company/j-legal-sociedade-de-advogados-sp-rl/" data-attribute-index="0" data-entity-hovercard-id="urn:li:fs_miniCompany:75855781" data-entity-type="MINI_COMPANY">J + Legal</a></strong>, mas todos os que participaram nas <strong>J+Talks</strong> do final do dia e princípio de noite de ontem saíram, certamente, a ganhar por poderem aprender mais um pouco sobre Economia, numa <strong>J+Talk</strong> conduzida por um dos mais reputados economistas do País e a quem agradecemos.</p>
<p>Em breve teremos novas <strong>J+Talks</strong> com convidados que partilharão também as suas vivências e experiências.</p>
<p><img loading="lazy" decoding="async" class="wp-image-8858 aligncenter" src="https://jlegal.pt/wp-content/uploads/2022/11/WhatsApp-Image-2022-11-23-at-19.59.28-1-768x380.jpeg" alt="" width="874" height="431" /></p>
