{"id":8880,"date":"2021-09-15T08:05:38","date_gmt":"2021-09-15T12:05:38","guid":{"rendered":"https:\/\/jlegal.pt\/?post_type=jtalks&#038;p=8880"},"modified":"2022-12-15T08:06:27","modified_gmt":"2022-12-15T13:06:27","slug":"jlegal-inaugura-jtalks-com-jose-miguel-judice","status":"publish","type":"jtalks","link":"https:\/\/jlegal.pt\/en\/jtalks\/jlegal-inaugura-jtalks-com-jose-miguel-judice\/","title":{"rendered":"J+Legal Inaugura J+Talks com Jos\u00e9 Miguel J\u00fadice"},"content":{"rendered":"<p>A\u00a0J+Legal deu in\u00edcio \u00e0s\u00a0<strong>J+Talks<\/strong>, e contou, como primeiro convidado, com o\u00a0<strong>Dr. Jos\u00e9 Miguel J\u00fadice<\/strong>, que nos veio falar sobre as suas perspetivas para o mundo da advocacia nas pr\u00f3ximas d\u00e9cadas. Foi uma extraordin\u00e1ria e participada sess\u00e3o, a que assistiu uma casa cheia (e j\u00e1 somos 19\u2026).<\/p>\r\n\r\n\r\n\r\n<p>O que foi dito fica para os presentes, o que \u00e9 uma das regras do convite; \u00e9 uma esp\u00e9cie de Chatham House Rule agravada. Mas estejam certos de que n\u00e3o poder\u00edamos ter inaugurado com maior sucesso este ciclo de conversas mensais com personalidades que nos tocam e que, por isso, t\u00eam algo especial a dizer-nos.<\/p>\r\n\r\n\r\n\r\n<p>Em dezembro haver\u00e1 mais.<\/p>","protected":false},"featured_media":8510,"parent":0,"menu_order":0,"template":"","categories":[],"class_list":["post-8880","jtalks","type-jtalks","status-publish","has-post-thumbnail","hentry"],"aioseo_notices":[],"acf":[],"_links":{"self":[{"href":"https:\/\/jlegal.pt\/en\/wp-json\/wp\/v2\/jtalks\/8880","targetHints":{"allow":["GET"]}}],"collection":[{"href":"https:\/\/jlegal.pt\/en\/wp-json\/wp\/v2\/jtalks"}],"about":[{"href":"https:\/\/jlegal.pt\/en\/wp-json\/wp\/v2\/types\/jtalks"}],"wp:featuredmedia":[{"embeddable":true,"href":"https:\/\/jlegal.pt\/en\/wp-json\/wp\/v2\/media\/8510"}],"wp:attachment":[{"href":"https:\/\/jlegal.pt\/en\/wp-json\/wp\/v2\/media?parent=8880"}],"wp:term":[{"taxonomy":"category","embeddable":true,"href":"https:\/\/jlegal.pt\/en\/wp-json\/wp\/v2\/categories?post=8880"}],"curies":[{"name":"wp","href":"https:\/\/api.w.org\/{rel}","templated":true}]}}

J+Legal Inaugura J+Talks com José Miguel Júdice

<p>A J+Legal deu início às <strong>J+Talks</strong>, e contou, como primeiro convidado, com o <strong>Dr. José Miguel Júdice</strong>, que nos veio falar sobre as suas perspetivas para o mundo da advocacia nas próximas décadas. Foi uma extraordinária e participada sessão, a que assistiu uma casa cheia (e já somos 19…).</p>



<p>O que foi dito fica para os presentes, o que é uma das regras do convite; é uma espécie de Chatham House Rule agravada. Mas estejam certos de que não poderíamos ter inaugurado com maior sucesso este ciclo de conversas mensais com personalidades que nos tocam e que, por isso, têm algo especial a dizer-nos.</p>



<p>Em dezembro haverá mais.</p>
