{"id":8927,"date":"2023-01-25T05:54:08","date_gmt":"2023-01-25T10:54:08","guid":{"rendered":"https:\/\/jlegal.pt\/?post_type=jtalks&#038;p=8927"},"modified":"2023-01-25T05:54:08","modified_gmt":"2023-01-25T10:54:08","slug":"jlegal-recebe-rosalia-amorim-para-a-9o-edicao-das-jtalks","status":"publish","type":"jtalks","link":"https:\/\/jlegal.pt\/en\/jtalks\/jlegal-recebe-rosalia-amorim-para-a-9o-edicao-das-jtalks\/","title":{"rendered":"J+Legal recebe Ros\u00e1lia Amorim para a 9\u00ba Edi\u00e7\u00e3o das J+Talks"},"content":{"rendered":"<p>As J+Talks receberam o quarto poder,<strong>\u00a0<a href=\"https:\/\/www.linkedin.com\/in\/ACoAAAMP_GUBqzVfMgcv62-KiLpl0YVOn4YAs3w\" data-attribute-index=\"0\" data-entity-hovercard-id=\"urn:li:fs_miniProfile:ACoAAAMP_GUBqzVfMgcv62-KiLpl0YVOn4YAs3w\" data-entity-type=\"MINI_PROFILE\">Ros\u00e1lia Amorim<\/a><\/strong>, diretora do\u00a0<strong>Di\u00e1rio de Not\u00edcias<\/strong>, que, a prop\u00f3sito de Davos, nos falou das perspectivas para 2023, em especial da infla\u00e7\u00e3o, sal\u00e1rios e crescimento.<\/p>\n<p><img loading=\"lazy\" decoding=\"async\" class=\"wp-image-8929 aligncenter\" src=\"https:\/\/jlegal.pt\/wp-content\/uploads\/2023\/01\/0613a9f8-862e-4c8d-a231-118f6b004477-1-768x380.jpg\" alt=\"\" width=\"912\" height=\"451\" \/><\/p>","protected":false},"featured_media":8929,"parent":0,"menu_order":0,"template":"","categories":[],"class_list":["post-8927","jtalks","type-jtalks","status-publish","has-post-thumbnail","hentry"],"aioseo_notices":[],"acf":[],"_links":{"self":[{"href":"https:\/\/jlegal.pt\/en\/wp-json\/wp\/v2\/jtalks\/8927","targetHints":{"allow":["GET"]}}],"collection":[{"href":"https:\/\/jlegal.pt\/en\/wp-json\/wp\/v2\/jtalks"}],"about":[{"href":"https:\/\/jlegal.pt\/en\/wp-json\/wp\/v2\/types\/jtalks"}],"wp:featuredmedia":[{"embeddable":true,"href":"https:\/\/jlegal.pt\/en\/wp-json\/wp\/v2\/media\/8929"}],"wp:attachment":[{"href":"https:\/\/jlegal.pt\/en\/wp-json\/wp\/v2\/media?parent=8927"}],"wp:term":[{"taxonomy":"category","embeddable":true,"href":"https:\/\/jlegal.pt\/en\/wp-json\/wp\/v2\/categories?post=8927"}],"curies":[{"name":"wp","href":"https:\/\/api.w.org\/{rel}","templated":true}]}}

J+Legal recebe Rosália Amorim para a 9º Edição das J+Talks

<p>As J+Talks receberam o quarto poder,<strong> <a href="https://www.linkedin.com/in/ACoAAAMP_GUBqzVfMgcv62-KiLpl0YVOn4YAs3w" data-attribute-index="0" data-entity-hovercard-id="urn:li:fs_miniProfile:ACoAAAMP_GUBqzVfMgcv62-KiLpl0YVOn4YAs3w" data-entity-type="MINI_PROFILE">Rosália Amorim</a></strong>, diretora do <strong>Diário de Notícias</strong>, que, a propósito de Davos, nos falou das perspectivas para 2023, em especial da inflação, salários e crescimento.</p>
<p><img loading="lazy" decoding="async" class="wp-image-8929 aligncenter" src="https://jlegal.pt/wp-content/uploads/2023/01/0613a9f8-862e-4c8d-a231-118f6b004477-1-768x380.jpg" alt="" width="912" height="451" /></p>
