{"id":9073,"date":"2023-04-13T05:38:58","date_gmt":"2023-04-13T09:38:58","guid":{"rendered":"https:\/\/jlegal.pt\/?post_type=jtalks&#038;p=9073"},"modified":"2023-04-13T05:38:58","modified_gmt":"2023-04-13T09:38:58","slug":"jlegal-recebe-aline-gallasch-hall-de-beuvink-para-a-11o-edicao-das-jtalks","status":"publish","type":"jtalks","link":"https:\/\/jlegal.pt\/en\/jtalks\/jlegal-recebe-aline-gallasch-hall-de-beuvink-para-a-11o-edicao-das-jtalks\/","title":{"rendered":"J+Legal recebe Aline Gallasch-Hall de Beuvink para a 11\u00ba Edi\u00e7\u00e3o das J+Talks"},"content":{"rendered":"<h1>J+Legal recebe Aline Gallasch-Hall de Beuvink para a 11\u00ba Edi\u00e7\u00e3o das J+Talks<\/h1>\n<h2>13 de abril 2023<\/h2>\n<p>Esta semana as <strong>J+Talks<\/strong> regressaram para a sua d\u00e9cima primeira edi\u00e7\u00e3o com <strong>Aline Gallasch-Hall de Beuvink<\/strong> que nos relatou como uma mon\u00e1rquica de direita, com ascend\u00eancia ucraniana, v\u00ea a guerra da Ucr\u00e2nia, a monarquia no s\u00e9culo XXI e o bin\u00f3mio esquerda-direita.<br \/>\nFoi mais uma sess\u00e3o muito animada, em que as perguntas foram, como podem imaginar, sem fim.<\/p>\n<p>Em resumo: duas horas muito bem passadas, com uma discuss\u00e3o aberta que foi de D. Afonso VI a Putin, das atas das Cortes de Lamego \u00e0 Constitui\u00e7\u00e3o de 1976 e a uma poss\u00edvel dupla revis\u00e3o constitucional. Muito agradecemos \u00e0 Aline o (muito) tempo que nos deu e, sobretudo, o fant\u00e1stico fim de tarde que nos\u00a0proporcionou.<\/p>\n<p><img loading=\"lazy\" decoding=\"async\" class=\"wp-image-9070 aligncenter\" src=\"https:\/\/jlegal.pt\/wp-content\/uploads\/2023\/04\/IMG_3950-768x380.jpg\" alt=\"\" width=\"782\" height=\"387\" \/><\/p>","protected":false},"featured_media":9070,"parent":0,"menu_order":0,"template":"","categories":[],"class_list":["post-9073","jtalks","type-jtalks","status-publish","has-post-thumbnail","hentry"],"aioseo_notices":[],"acf":[],"_links":{"self":[{"href":"https:\/\/jlegal.pt\/en\/wp-json\/wp\/v2\/jtalks\/9073","targetHints":{"allow":["GET"]}}],"collection":[{"href":"https:\/\/jlegal.pt\/en\/wp-json\/wp\/v2\/jtalks"}],"about":[{"href":"https:\/\/jlegal.pt\/en\/wp-json\/wp\/v2\/types\/jtalks"}],"wp:featuredmedia":[{"embeddable":true,"href":"https:\/\/jlegal.pt\/en\/wp-json\/wp\/v2\/media\/9070"}],"wp:attachment":[{"href":"https:\/\/jlegal.pt\/en\/wp-json\/wp\/v2\/media?parent=9073"}],"wp:term":[{"taxonomy":"category","embeddable":true,"href":"https:\/\/jlegal.pt\/en\/wp-json\/wp\/v2\/categories?post=9073"}],"curies":[{"name":"wp","href":"https:\/\/api.w.org\/{rel}","templated":true}]}}

J+Legal recebe Aline Gallasch-Hall de Beuvink para a 11º Edição das J+Talks

<h1>J+Legal recebe Aline Gallasch-Hall de Beuvink para a 11º Edição das J+Talks</h1>
<h2>13 de abril 2023</h2>
<p>Esta semana as <strong>J+Talks</strong> regressaram para a sua décima primeira edição com <strong>Aline Gallasch-Hall de Beuvink</strong> que nos relatou como uma monárquica de direita, com ascendência ucraniana, vê a guerra da Ucrânia, a monarquia no século XXI e o binómio esquerda-direita.<br />
Foi mais uma sessão muito animada, em que as perguntas foram, como podem imaginar, sem fim.</p>
<p>Em resumo: duas horas muito bem passadas, com uma discussão aberta que foi de D. Afonso VI a Putin, das atas das Cortes de Lamego à Constituição de 1976 e a uma possível dupla revisão constitucional. Muito agradecemos à Aline o (muito) tempo que nos deu e, sobretudo, o fantástico fim de tarde que nos proporcionou.</p>
<p><img loading="lazy" decoding="async" class="wp-image-9070 aligncenter" src="https://jlegal.pt/wp-content/uploads/2023/04/IMG_3950-768x380.jpg" alt="" width="782" height="387" /></p>
