{"id":9262,"date":"2023-11-27T05:35:08","date_gmt":"2023-11-27T10:35:08","guid":{"rendered":"https:\/\/jlegal.pt\/?post_type=jtalks&#038;p=9262"},"modified":"2023-11-27T05:35:08","modified_gmt":"2023-11-27T10:35:08","slug":"jlegal-recebe-miguel-morgado-para-a-14a-edicao-das-jtalks","status":"publish","type":"jtalks","link":"https:\/\/jlegal.pt\/en\/jtalks\/jlegal-recebe-miguel-morgado-para-a-14a-edicao-das-jtalks\/","title":{"rendered":"J+Legal recebe Miguel Morgado para a 14\u00aa Edi\u00e7\u00e3o das J+Talks"},"content":{"rendered":"<h1>J+Legal recebe <strong>Miguel Morgado para a 14\u00aa Edi\u00e7\u00e3o das J+Talks<\/strong><\/h1>\n<h2>27 de novembro 2023<\/h2>\n<p>Na passada quinta-feira, na 14\u00aa edi\u00e7\u00e3o das nossas J+Talks, cont\u00e1mos com a presen\u00e7a do nosso amigo Miguel Morgado, para nos falar de Israel e da complexa hist\u00f3ria da pol\u00edtica do m\u00e9dio-oriente. O Miguel dispensa apresenta\u00e7\u00f5es \u2013 doutorado em ci\u00eancia pol\u00edtica, professor na Universidade Cat\u00f3lica e um homem com uma j\u00e1 longa e importante interven\u00e7\u00e3o c\u00edvica e p\u00fablica. Foram, como sempre, duas magn\u00edficas horas, muito participadas, em que se falou da dif\u00edcil atualidade na Cisjord\u00e2nica, na Faixa de Gaza e em Israel, a que assistimos diariamente, em que pass\u00e1mos por v\u00e1rios epis\u00f3dios da complexa hist\u00f3ria do processo que nos deixou aqui, n\u00e3o deixando de refletir em v\u00e1rios problemas centrais de ci\u00eancia pol\u00edtica e de filosofia. Foi, honestamente, magn\u00edfico, e agradecemos muito ao Miguel o tempo que ontem nos ofereceu. Deixou na J+Legal um grupo de f\u00e3s e de amigos.<\/p>\n<p>&nbsp;<\/p>\n<p>Fech\u00e1mos assim com chave de ouro as J+Talks de 2023, por onde passaram Ros\u00e1lia Amorim, Lu\u00eds Paix\u00e3o Martins, Aline Gallasch-Hall de Beuvink, Jos\u00e9 Gameiro e Ana Andrade, Jo\u00e3o Vieira de Almeida e, agora Miguel Morgado, e em que fal\u00e1mos de atualidade, de campanhas pol\u00edticas, de hist\u00f3ria ucraniana e monarquia, de amor e rela\u00e7\u00f5es sentimentais, de montanhas e, agora, de Israel. Foram sempre, em todos os casos, interven\u00e7\u00f5es que nos inspiraram, que fizeram com que os nossos dias fossem mais ricos, e que, por isso, muito agradecemos. Para o ano haver\u00e1 mais.<\/p>\n<p><img loading=\"lazy\" decoding=\"async\" class=\"wp-image-9263 aligncenter\" src=\"https:\/\/jlegal.pt\/wp-content\/uploads\/2023\/11\/IMG-20231123-WA0044-768x380.jpg\" alt=\"\" width=\"587\" height=\"291\" \/><\/p>\n<p>&nbsp;<\/p>","protected":false},"featured_media":9263,"parent":0,"menu_order":0,"template":"","categories":[],"class_list":["post-9262","jtalks","type-jtalks","status-publish","has-post-thumbnail","hentry"],"aioseo_notices":[],"acf":[],"_links":{"self":[{"href":"https:\/\/jlegal.pt\/en\/wp-json\/wp\/v2\/jtalks\/9262","targetHints":{"allow":["GET"]}}],"collection":[{"href":"https:\/\/jlegal.pt\/en\/wp-json\/wp\/v2\/jtalks"}],"about":[{"href":"https:\/\/jlegal.pt\/en\/wp-json\/wp\/v2\/types\/jtalks"}],"wp:featuredmedia":[{"embeddable":true,"href":"https:\/\/jlegal.pt\/en\/wp-json\/wp\/v2\/media\/9263"}],"wp:attachment":[{"href":"https:\/\/jlegal.pt\/en\/wp-json\/wp\/v2\/media?parent=9262"}],"wp:term":[{"taxonomy":"category","embeddable":true,"href":"https:\/\/jlegal.pt\/en\/wp-json\/wp\/v2\/categories?post=9262"}],"curies":[{"name":"wp","href":"https:\/\/api.w.org\/{rel}","templated":true}]}}

J+Legal recebe Miguel Morgado para a 14ª Edição das J+Talks

<h1>J+Legal recebe <strong>Miguel Morgado para a 14ª Edição das J+Talks</strong></h1>
<h2>27 de novembro 2023</h2>
<p>Na passada quinta-feira, na 14ª edição das nossas J+Talks, contámos com a presença do nosso amigo Miguel Morgado, para nos falar de Israel e da complexa história da política do médio-oriente. O Miguel dispensa apresentações – doutorado em ciência política, professor na Universidade Católica e um homem com uma já longa e importante intervenção cívica e pública. Foram, como sempre, duas magníficas horas, muito participadas, em que se falou da difícil atualidade na Cisjordânica, na Faixa de Gaza e em Israel, a que assistimos diariamente, em que passámos por vários episódios da complexa história do processo que nos deixou aqui, não deixando de refletir em vários problemas centrais de ciência política e de filosofia. Foi, honestamente, magnífico, e agradecemos muito ao Miguel o tempo que ontem nos ofereceu. Deixou na J+Legal um grupo de fãs e de amigos.</p>
<p>&nbsp;</p>
<p>Fechámos assim com chave de ouro as J+Talks de 2023, por onde passaram Rosália Amorim, Luís Paixão Martins, Aline Gallasch-Hall de Beuvink, José Gameiro e Ana Andrade, João Vieira de Almeida e, agora Miguel Morgado, e em que falámos de atualidade, de campanhas políticas, de história ucraniana e monarquia, de amor e relações sentimentais, de montanhas e, agora, de Israel. Foram sempre, em todos os casos, intervenções que nos inspiraram, que fizeram com que os nossos dias fossem mais ricos, e que, por isso, muito agradecemos. Para o ano haverá mais.</p>
<p><img loading="lazy" decoding="async" class="wp-image-9263 aligncenter" src="https://jlegal.pt/wp-content/uploads/2023/11/IMG-20231123-WA0044-768x380.jpg" alt="" width="587" height="291" /></p>
<p>&nbsp;</p>
